 What is the units digit of c?
2
Let p = 14 - 12. Suppose -p - 15 = -x. What is the tens digit of x?
1
Let k be (-4 + 4)*(-1)/(-2). Suppose 4*u - 2*u - 2 = k. What is the units digit of u?
1
Let h be 1 + (-1)/(-1)*12. Let c(q) = 7*q**2 - q**3 - h*q**2 - 1 + 3 - 6*q. What is the units digit of c(-5)?
7
Let d = 16 - -11. Suppose -5*s + 3*r = -2*s - 69, s - 5*r - d = 0. What is the units digit of s?
2
Suppose -2*c - 38 = -3*c + 4*p, -2*c + 5*p = -67. Let t = -23 + 28. Suppose -t*s = -c - 24. What is the units digit of s?
0
What is the units digit of 4/12*9/(-6)*-98?
9
Let f be 1*2 - ((4 - 8) + 9). Let m = 2 + -1. What is the tens digit of 147/9 + m/f?
1
Suppose 57 + 90 = 5*d + 4*o, -5*d = o - 153. What is the units digit of d?
1
Let c = 607 - 300. What is the hundreds digit of c?
3
Let o(v) = v**2 + 10. Let t be o(-7). Let j = t - 42. What is the tens digit of j?
1
Let r be 2/4 + 95/10. Let i = r + 8. What is the tens digit of i?
1
Let f(i) = -2*i**3 + 7*i**2 - 7. Let z(b) = 3*b**3 - 7*b**2 + b + 7. Let v(w) = 4*f(w) + 3*z(w). What is the tens digit of v(-6)?
1
Let s = -2 + -1. Let a be (s - 3/(-3)) + 12. Suppose -3*f + a = -f. What is the units digit of f?
5
Suppose -6*m = -15*m + 1044. What is the hundreds digit of m?
1
Suppose o - 9 = 5*k, -9 = 2*k - o + 6*o. Let c(s) = -s**3 - 2*s**2 - 3*s - 3. Let p be c(-2). Let t = k + p. What is the units digit of t?
1
Let c = -1 - 0. Let r be 9/(-6)*(-4)/2. What is the units digit of 0 + c + (17 - r)?
3
Let w = 8 - 3. Suppose -4*g + 3*z + 23 = 0, -w*g - 2 = -5*z - 32. Suppose v + 8 = 5*v + g*c, -c - 2 = -v. What is the units digit of v?
2
Let r(q) = 2*q**3 - 11*q**2 - 12*q + 24. What is the units digit of r(7)?
7
Suppose 0 = -2*f + f + 3. Suppose 2*y + 8 = 3*h, y - f*y + 4*h - 12 = 0. What is the units digit of y?
2
Suppose -n + 4*n + 3*w = 51, 0 = 2*n + w - 31. What is the units digit of n?
4
Let k(j) be the first derivative of -j**2/2 - j - 5. What is the units digit of k(-6)?
5
What is the tens digit of (4/(-12))/(1/(-36))?
1
Let b(i) = 4*i - 3. Let f be b(2). Suppose -f*d + 143 = 33. Suppose -4*s = q - 5*q + 24, -2*q = 3*s - d. What is the units digit of q?
8
Suppose -295 = -5*g - 5*a, 4*a + 134 = 3*g - 43. What is the units digit of g?
9
Suppose 0 = -4*x - 5*h + 193, 4*x - h + 3*h - 178 = 0. What is the units digit of x?
2
Let a(s) = 7*s. Let t be 5/(-2)*(-120)/50. What is the units digit of a(t)?
2
Let d(q) = 5*q**3 - q**2. Let x be d(1). Suppose 9*t - x*t = y + 18, 3*t = -3*y. Let g(s) = s**2 - 1. What is the units digit of g(t)?
8
Let j = 6 - 6. Suppose -4*i + 28 = -j*i. What is the units digit of i?
7
Let u(c) = 2*c**2 - 6*c + 7. What is the units digit of u(7)?
3
Suppose -b + 5*y + 39 = b, -b = y - 23. Suppose h - b = 22. What is the tens digit of h?
4
Let p = -23 - -60. What is the units digit of p?
7
Suppose 0 = -n - 2 - 0. Let y = -2 - n. Suppose q = -5*s + 45, -4*s - q + 37 = -y*s. What is the units digit of s?
8
Let o(u) = u**2 - 11*u - 4. Let a be o(10). Let x be (a/(-8))/(-1)*-8. What is the units digit of 74/x - 6/21?
5
Suppose 3*a - 24 = 5*i, -i - 3*i + 32 = 4*a. Suppose a = 5*y - y. What is the units digit of y?
2
What is the tens digit of 4/10 - 3223/(-55)?
5
Let a = -204 - -330. Let j = a - 194. What is the tens digit of 6/21 + j/(-7)?
1
Suppose -148 = -4*c + 4. Suppose -x = 2*k - c, -k - 100 = -3*x - 0*x. What is the tens digit of x?
3
Let y = 1 - -4. Let u(f) = -f**2 + 6*f + 5. What is the tens digit of u(y)?
1
Let u(v) = 3*v**2 - 4*v + 2. Suppose -3*t - 6 = -5*t. What is the tens digit of u(t)?
1
Let y = 1 - 1. Let d = -15 - y. What is the tens digit of (-215)/d - 1/3?
1
Suppose -4*r + 24 = -r + 3*c, 4*r - 24 = -2*c. Suppose 5*q - r = 1. What is the units digit of q?
1
Let k be 10/(-45) - (-86)/(-18). Let i = k - -6. Suppose -v + 0 = -i. What is the units digit of v?
1
Suppose 2*f = 7*f + 45. Let y be ((-6)/f)/(2/36). Suppose -c + y = -0*c. What is the tens digit of c?
1
Suppose 3*b - 50 = b. What is the units digit of b?
5
What is the tens digit of 40/(7 + -11 - (-60)/14)?
4
Suppose -3*p + 7 = u, -2*p = -6*p + 3*u + 31. Suppose -3 = 3*s + 3*c, -5*s + p*c + c = -35. What is the units digit of s?
3
Suppose -3*r - 10 = -2*z, -4*r - 11 = 3*z - 2*r. What is the units digit of -2 + (4 - -2) + z?
3
Let t be (-1 - -3)*(3 - 2). Let a(m) = 12*m**2 - m - 1. Let d be a(-1). Suppose -t*y + d = -2. What is the units digit of y?
7
Let x(t) = 5*t + 5. Let f be x(2). Suppose 5*n = -5 - f, -5*h + n + 194 = 0. What is the tens digit of h?
3
Let l(v) = v**3 - 7*v**2 - 6*v - 7. Let j be l(8). Let n(b) = b**2 - 5*b - 6. What is the units digit of n(j)?
0
Let r(t) = t**2 - 7*t - 6. What is the units digit of r(8)?
2
Let w(f) = -7*f**3 - 9*f**2 + 6*f - 5. Let h(l) = -l**3 - l**2 + l - 1. Let v(j) = -6*h(j) + w(j). Let d be v(-4). Let r = d - 10. What is the units digit of r?
7
Let m(i) = i + 8. Let j be m(-5). What is the tens digit of j/15 + 54/5?
1
Let d(a) = a**2 - 10*a - 1. Let y be d(10). Let i be y/((4/(-2))/26). Suppose -19 - i = -4*p. What is the units digit of p?
8
Let m be 1*(-1 + 5 + -3). Let g(l) = 35*l**3 - 1. What is the tens digit of g(m)?
3
Suppose 3*t - 3 = -2*v, -v + 2 = 4*t - 2. Let k = t + 15. What is the units digit of k?
6
Suppose -6 = -3*c + 6. Suppose -2*w - 14 = -c*w. Suppose 0 = -w*i + 4*i + 6. What is the units digit of i?
2
Suppose 4*w = -2*r - 2*r - 4, 0 = -2*r + w + 10. What is the units digit of r/2*(1 - -1)?
3
Suppose g = 5*u - 42, 0*u + 2*g - 28 = -4*u. Let f be (-1)/(-2)*(-3 - 1). What is the units digit of (-123)/(-12) + f/u?
0
Let u(i) = 8*i - 7. Let y be u(5). Suppose 5*w - 53 = t + y, -50 = -3*w + t. What is the tens digit of w?
1
Let s = -9 - -3. Let n(x) = 4*x**2 + x - 10. Let d(f) = 11*f**2 + 4*f - 29. Let z(l) = 3*d(l) - 8*n(l). What is the units digit of z(s)?
5
Suppose -2*c = -3*z + 4 + 19, 3*z - 11 = -c. What is the units digit of z?
5
Suppose p - 3*y - 6 = 0, -34 = -3*p + 2*y - y. Let q = p + -11. What is the units digit of q?
1
Let s(b) = -b**2 + 8*b - 8. Let t be s(6). Suppose -c - 2 = 4*k + t, -4*c = -5*k - 18. What is the units digit of c?
2
Suppose -3*v + 98 - 17 = 0. Let u = v + -12. What is the units digit of u?
5
Let h be (-2)/((-2)/(7 - 3)). Let p(s) = -s**3 + 6*s**2 - 5*s - 1. What is the tens digit of p(h)?
1
Let y = 54 - 32. Suppose -3*m = -z - 30 - 66, 5*m = -4*z + 160. Let d = m - y. What is the tens digit of d?
1
Let z be ((-9)/(-4))/(4/16). What is the tens digit of z/(-3)*17/(-3)?
1
Suppose 4*n - 2 = -k + 3, -4*n - 5*k = -9. What is the units digit of 1*(2 + 0)*n?
2
Suppose 0 = -4*m + m + 12. Suppose m = q - 37. What is the tens digit of q?
4
Let a = 20 + -6. What is the tens digit of a?
1
Suppose -2*d - 5*j + 7 = 0, 3*d - 5*d + 2*j = 28. Let q = d - -12. What is the units digit of q?
3
Let d(k) = 2*k**2 + 8*k + 4. Let y = 9 - 14. What is the tens digit of d(y)?
1
Let u be 3/6*2/1. Let i(s) = -s**2 + s. Let n be i(u). Suppose -36 = -4*d - 3*f, 0 = -2*d - n*d + 3*f. What is the units digit of d?
6
Let z(x) = -4*x**2 + 2*x**2 + 5*x + x**2. Suppose -20*l = -17*l - 12. What is the units digit of z(l)?
4
Let d be 1/(0 + (-1)/(-5)). Let h = d + -8. What is the units digit of (h/(-2))/(6/16)?
4
Suppose -38 + 2 = -3*p. Let w = 16 + p. What is the tens digit of w?
2
Let k = -178 - -363. Suppose 3*t - 8*t = -k. What is the units digit of t?
7
Suppose 0 = t - 2 + 1, -4*u + 3*t = 3. Suppose 5*k = -20, u*k + 16 = 4*p - 2*k. What is the units digit of 1/p - (-6)/4?
2
Suppose -w + 2*o - 27 = -2*w, -10 = 2*o. What is the tens digit of w?
3
What is the hundreds digit of -1 + (-15)/(-21) - (-7800)/56?
1
Suppose -x - x + 2 = 0. What is the units digit of x?
1
Let h = 3 + 2. Suppose -40 - 20 = -h*o. What is the tens digit of o?
1
Suppose 0 = -2*n - 2*n + 64. Suppose l - n = -5. Let p = l + -2. What is the units digit of p?
9
Suppose -4*y - 41 = -141. What is the units digit of y?
5
Suppose 0 = 3*u, 6*g - 5*u - 52 = 2*g. Let j(d) = 0*d**2 - 12 - d**2 + 15*d - 1. What is the units digit of j(g)?
3
Let a(l) = l - 2. Suppose 30 = 3*h + k, 2 = -h + 4*k - 1. What is the units digit of a(h)?
7
Let x = 16 + -26. Let r = x - -11. What is the units digit of r?
1
Suppose -4*t + 4*k = 3568 - 732, 3*t + 2125 = k. What is the units digit of t/(-28) - (-6)/(-21)?
5
Let 